d 820.
4
What is the highest common divisor of 16385820 and 83435?
2035
Calculate the highest common factor of 452 and 66333034.
226
What is the highest common factor of 3840 and 44500?
20
Calculate the greatest common divisor of 1258994 and 5736203.
7073
Calculate the highest common divisor of 119 and 71867999.
7
What is the highest common divisor of 512054 and 8551?
503
What is the greatest common factor of 21 and 16486725?
3
What is the highest common divisor of 26 and 2588898?
26
What is the highest common divisor of 3834581 and 711?
79
Calculate the greatest common divisor of 4823 and 1.
1
What is the greatest common divisor of 37487 and 28918261?
1973
Calculate the greatest common factor of 13972 and 16884.
28
What is the greatest common divisor of 153840 and 6960?
240
What is the highest common divisor of 2745313 and 2839?
2839
What is the greatest common divisor of 151041 and 3184?
199
What is the greatest common factor of 213 and 11435899?
71
Calculate the greatest common factor of 416342 and 13439.
89
What is the greatest common factor of 16727352 and 7936?
248
What is the greatest common divisor of 726317363 and 37?
37
Calculate the highest common factor of 744723180 and 1230.
1230
Calculate the greatest common factor of 39044563 and 4142.
2071
Calculate the highest common factor of 196511 and 1692341.
2933
What is the greatest common factor of 60090112 and 256?
256
What is the highest common divisor of 266 and 127162231?
133
Calculate the greatest common divisor of 48 and 69602480.
16
What is the greatest common factor of 76055 and 76629?
287
What is the greatest common divisor of 25342115 and 15?
5
Calculate the greatest common factor of 290025795 and 1110.
555
What is the highest common factor of 26519 and 1058690?
23
What is the highest common divisor of 709803 and 50922?
621
What is the greatest common divisor of 20501590 and 678?
226
Calculate the highest common divisor of 38019312 and 240.
48
Calculate the greatest common factor of 46330 and 31640.
1130
Calculate the highest common factor of 2040 and 565731780.
1020
What is the greatest common divisor of 111 and 74475043?
37
What is the highest common divisor of 87556 and 590?
118
Calculate the greatest common factor of 3078 and 77949702.
162
What is the greatest common factor of 611 and 761774?
13
Calculate the greatest common divisor of 8778 and 503801606.
2926
What is the greatest common divisor of 24 and 406669368?
24
What is the highest common divisor of 1579748 and 428?
428
Calculate the greatest common factor of 334729 and 2759.
89
What is the highest common divisor of 32 and 915762208?
32
What is the greatest common divisor of 50 and 5719825?
25
Calculate the greatest common factor of 10654 and 89586.
14
Calculate the greatest common divisor of 1193831 and 2623.
61
Calculate the highest common factor of 117235968 and 828.
276
What is the greatest common divisor of 6956 and 163429?
37
What is the greatest common divisor of 20 and 1416830?
10
What is the highest common divisor of 864 and 10167680?
32
What is the greatest common factor of 2809669 and 37?
37
Calculate the highest common divisor of 3500 and 389205250.
1750
What is the highest common factor of 190 and 9768014?
38
What is the greatest common factor of 40 and 224216?
8
What is the highest common divisor of 1193367 and 6363?
21
What is the highest common factor of 9400 and 920213?
47
What is the greatest common divisor of 284955720 and 16?
8
Calculate the highest common divisor of 728 and 4530799.
91
What is the greatest common divisor of 12 and 7146924?
12
Calculate the greatest common divisor of 13704096 and 3584.
224
What is the highest common divisor of 41386212 and 7?
7
What is the greatest common divisor of 36351 and 276262407?
5193
Calculate the greatest common divisor of 90485475 and 3825.
1275
Calculate the greatest common divisor of 16268826 and 24864.
1554
Calculate the greatest common divisor of 134170632 and 36.
36
What is the greatest common factor of 6514 and 274?
2
What is the highest common factor of 45479792 and 16?
16
What is the highest common divisor of 15260638 and 230?
46
What is the highest common factor of 1445891 and 53072?
107
Calculate the greatest common factor of 555053597 and 329.
329
What is the greatest common divisor of 224 and 109640384?
224
What is the greatest common divisor of 27569946 and 15?
3
What is the greatest common divisor of 6393375 and 36?
9
Calculate the greatest common divisor of 850813 and 864499.
2281
Calculate the greatest common factor of 84244991 and 1621.
1621
What is the highest common divisor of 1442 and 38649926?
1442
Calculate the highest common divisor of 96 and 17135628.
12
Calculate the highest common factor of 105698093 and 83.
83
Calculate the highest common divisor of 3261060 and 21060.
1620
What is the greatest common factor of 95660302 and 1?
1
What is the greatest common divisor of 42415884 and 12852?
4284
Calculate the highest common factor of 3751295 and 20213.
1189
Calculate the greatest common divisor of 3672 and 14219208.
1224
Calculate the highest common divisor of 1496768 and 58604.
364
Calculate the greatest common factor of 2652 and 25311.
39
What is the highest common divisor of 138296090 and 705?
235
What is the greatest common factor of 5663069484 and 444?
444
Calculate the greatest common divisor of 6665850 and 3600.
450
Calculate the greatest common divisor of 7768 and 773044.
4
Calculate the highest common divisor of 34012134 and 390.
78
Calculate the highest common factor of 963 and 21339.
9
What is the highest common factor of 72852 and 13404?
12
What is the greatest common divisor of 128402 and 26700858?
6758
Calculate the greatest common divisor of 89484 and 37764.
12
Calculate the highest common divisor of 790832 and 1104.
368
Calculate the greatest common divisor of 4654664 and 9288.
344
What is the highest common factor of 10 and 441884930?
10
What is the highest common factor of 535 and 130205?
5
What is the greatest common divisor of 285381 and 4292?
37
Calculate the highest common divisor of 27500 and 38225.
275
Calculate the greatest common divisor of 1967650 and 767.
59
What is the greatest common factor of 805 and 471124318?
161
Calculate the highest common divisor of 8041330 and 1682230.
4510
Calculate the greatest common factor of 183673686 and 1394.
82
What is the greatest common factor of 186 and 62278876?
62
What is the highest common divisor of 9777614 and 3633?
1211
Calculate the highest common divisor of 261625079 and 19.
19
What is the highest common divisor of 2321 and 531054717?
211
Calculate the highest common factor of 27 and 65414034.
27
Calculate the highest common factor of 62706940 and 2252.
2252
What is the highest common divisor of 3744 and 4907916?
468
Calculate the highest common factor of 14435 and 505695581.
2887
What is the greatest common factor of 9709 and 2151408?
133
What is the greatest common divisor of 112 and 8354712?
8
Calculate the highest common factor of 63072 and 405624.
24
What is the greatest common divisor of 43881266 and 8?
2
Calculate the greatest common factor of 260809217 and 73.
73
What is the highest common divisor of 964072416 and 1104?
1104
What is the greatest common factor of 400 and 73779880?
40
What is the greatest common factor of 10680 and 119556?
12
Calculate the greatest common factor of 17854374 and 516.
258
Calculate the greatest common factor of 2039732 and 3404.
92
Calculate the greatest common divisor of 35018920 and 120.
40
Calculate the greatest common divisor of 382 and 866254.
2
What is the highest common factor of 2612898 and 398018?
254
What is the highest common factor of 573 and 1362780?
3
What is the greatest common factor of 387426145 and 230?
115
What is the greatest common factor of 34560 and 279040?
1280
Calculate the greatest common factor of 239685 and 3990.
285
What is the greatest common factor of 2377914 and 858?
66
What is the highest common factor of 33492 and 242244?
12
Calculate the greatest common divisor of 548233 and 6924321.
4607
Calculate the greatest common factor of 151165 and 958440.
245
Calculate the highest common factor of 78103607 and 244.
61
What is the greatest common factor of 65785865 and 23?
23
What is the great